 List the prime factors of c(-3).
3413
Suppose 3*w = j - 43 - 52, -4*w - 442 = -5*j. Let o = 131 - j. What are the prime factors of o?
3, 5
Let h = 5 + -7. Let n be 3/(-9)*(h + -7). Suppose 8*v = 3*m + 3*v - 43, 5*v - 83 = -n*m. What are the prime factors of m?
3, 7
Let v be 12 - 1/(-1 + 2). Suppose -4*u + 214 = -2*t, 4*t + v + 1 = 0. List the prime factors of u.
2, 13
Let f(n) = -n - 4. Let u be f(-6). Let t(v) = 0*v**u + v + 1 + 14 + v**2. What are the prime factors of t(0)?
3, 5
Let p(n) = -n**3 + 2*n + 7. Let h be p(0). Let l(q) = 2*q - 15. Let s be l(h). Let t(m) = -8*m. List the prime factors of t(s).
2
Let w(o) = -o**2 + 3*o + 13. Let y(l) = -l**2 + l + 1. Let s(v) = w(v) - 2*y(v). List the prime factors of s(0).
11
Suppose -10*h = -7*h + 81. Let s be -2 + (-1 - (3 - h)). What are the prime factors of (s/4)/((-42)/56)?
11
Let k(i) = 3*i**3 - 2*i**2 - 2*i + 2. Let f(l) = l**2 + 6*l + 2. Let u be f(-6). Let m be k(u). Suppose 5*d = -m + 129. List the prime factors of d.
23
Suppose -5*g + 52 = -3*g. Let r(u) = 6 + 5 - g*u**2 - 2 + 27*u**2. List the prime factors of r(-4).
5
Let h = 39 - 36. Suppose 11 - 2 = b. Suppose -4*m + h*m + b = 0. What are the prime factors of m?
3
Let i(u) = u**3 + 2. Let w be (-8)/(-36) + (-2)/9. Let o be i(w). List the prime factors of ((-4)/8)/(o/(-176)).
2, 11
Let c = 979 + -186. What are the prime factors of c?
13, 61
What are the prime factors of (30/80 - 124/160)*-4465?
2, 19, 47
Suppose 250 = 4*t - 5*u - 78, -4*t = 3*u - 296. What are the prime factors of t?
7, 11
Suppose -5*z = 183 - 63. Let u be 1/6 + 4/z. Let t = u + 29. What are the prime factors of t?
29
Suppose 2*p = 2*y - 130, -4*p = -p. Let v = y + -29. What are the prime factors of v?
2, 3
Suppose 7*s - 3*s - 572 = 0. Let q = 86 - s. Let g = 109 + q. What are the prime factors of g?
2, 13
Let v be (639/(-5))/((-10)/150). Suppose 14*t - 5*t - v = 0. List the prime factors of t.
3, 71
Let h be (0 + 3/3)*-4. Let n be 43*2/h*2. Let y = n - -60. What are the prime factors of y?
17
Let l be 15/30 + 154/4. Suppose -a + 4*d = 3, 4*a + 5*d - l = 33. Suppose a*k - 39 = 10*k. What are the prime factors of k?
13
Let b = -2360 + 3633. List the prime factors of b.
19, 67
Let j(u) = -4 - 6*u + 7*u**2 + 0*u - u + 3*u. List the prime factors of j(-2).
2
Suppose -b = 5*v - 1864, v + 5592 = -4*b + 7*b. What are the prime factors of b?
2, 233
Let t be 0*2/(-10) + -27. Let n = 168 + t. What are the prime factors of n?
3, 47
Let g(r) = 31*r**2 - 1. Let w(p) = -p - 1. Let s be w(-6). Suppose s*n - 6*j + 3*j + 8 = 0, -3*j + 6 = -3*n. What are the prime factors of g(n)?
2, 3, 5
Let p(d) = 24*d**2 + 23*d - 293. List the prime factors of p(10).
3, 19, 41
Let k = 146 + 16. Let a = k - 97. List the prime factors of a.
5, 13
Let i = 10042 + -5552. What are the prime factors of i?
2, 5, 449
Suppose -55*s + 23*s + 7552 = 0. What are the prime factors of s?
2, 59
Let k = 63 - 61. Suppose -3*o = -o - 3*l - 645, k*o = 5*l + 639. List the prime factors of o.
3, 109
Suppose 3*s + 15 = 2*a, 4*s + 31 = 4*a - 9. Suppose 4*q + 21 = x, -5*q - x - a = -3*q. What are the prime factors of ((-2)/q)/((-1)/(-93))?
31
Let v(y) = -6*y + 29. Suppose 4*h = 20, -z - 3*z = 5*h + 3. What are the prime factors of v(z)?
71
Let g(v) = 29*v**3 + 2*v - 2. Suppose 0 = -5*c + 3*f + 10, -8 = -4*c - 5*f + f. List the prime factors of g(c).
2, 3, 13
Let k(l) = 3*l**2 - 11*l - 7 - 7 + 15. What are the prime factors of k(5)?
3, 7
Suppose 0 = 6*t - 4*t - 3*f - 2025, -3*t = -f - 3034. What are the prime factors of t?
3, 337
Let v = 80 - 77. Suppose 0 = -p - v + 148. What are the prime factors of p?
5, 29
Suppose 166 = -8*t + 1270. Let k = 6 - 1. Suppose -12 = -k*q + t. List the prime factors of q.
2, 3, 5
Let x(t) = t + 20. Let c be x(-13). Suppose -c*z + 748 = -988. List the prime factors of z.
2, 31
Suppose -12*x + 3709 = -39551. What are the prime factors of x?
5, 7, 103
Let f = -58 - -58. Suppose f = -4*d + 16, -2*s = -d - 3*d. What are the prime factors of s?
2
Suppose -6*i + 533 = -5*i + 4*q, -2099 = -4*i - 5*q. What are the prime factors of i?
521
Suppose -471 = -9*c + 2130. Suppose -c = -3*a + 152. What are the prime factors of a?
3, 7
Let d be 2/(-5) + -2*135/(-50). Suppose -j = 3*j - 12. Suppose 0 = -0*z - j*z - d*i + 85, 5*i = -5*z + 145. What are the prime factors of z?
2, 3, 5
Suppose -y - 180 = 4*y. Let j be 344/9 + 8/y. Suppose -4*t + j + 30 = 0. What are the prime factors of t?
17
Let g(w) = 5*w - 4. Let z(v) = 6*v - 5. Let o(a) = 5*g(a) - 4*z(a). Let c be o(4). Let d = c + 14. What are the prime factors of d?
2, 3
Suppose -19*f - 470 = -20*f. List the prime factors of f.
2, 5, 47
Let j = 34 + 92. What are the prime factors of j?
2, 3, 7
Let i be 2/((-6)/5)*-108. Suppose 3*v - i = g, 2*v = 5*v - 5*g - 168. What are the prime factors of v?
61
Suppose -l - 1 = 1. List the prime factors of (2 - (107 + l))*-1.
103
Let j(o) = -o + 3. Let p(n) = -6 - n + 3 + 4 + 0*n. Let g be p(13). What are the prime factors of j(g)?
3, 5
Let z(o) = 227*o + 18. List the prime factors of z(1).
5, 7
Let j(l) = 12*l + 11. Let g(c) = -c - 1. Let b(x) = 5*g(x) + j(x). Let a be b(4). Let q = a - 12. List the prime factors of q.
2, 11
Suppose 4*y = 3*x + 19, 3*y - 4*x - 20 = 3. Let b(m) = 33*m**2 - 2*m + 1. Let a be b(y). Suppose -2*q + 3*q = a. What are the prime factors of q?
2
Suppose -31*q + 4*a = -27*q - 16636, -5*q = a - 20795. List the prime factors of q.
4159
Let n be ((4 - 2) + 2)*-3. Let d = n - -67. List the prime factors of d.
5, 11
List the prime factors of (-2 - -1365) + (2 - 0).
3, 5, 7, 13
Let d = 1264 + 95. What are the prime factors of (-11)/(-55) - d/(-5)?
2, 17
Let p(x) = -16*x - 7. Let k = -18 - -13. List the prime factors of p(k).
73
Suppose 0*i - 5*i - 185 = 0. Let g = 58 + -122. Let f = i - g. List the prime factors of f.
3
Let k(a) = 10*a**2 - 20*a + 16. What are the prime factors of k(9)?
2, 17, 19
Let x(r) = -16*r**2 - 3*r + 2. Let p be x(6). Let c = p + 880. What are the prime factors of c?
2, 3
Suppose -3*b - 2*h + 1884 = 0, -5*b - 5*h - 1863 = -8*b. List the prime factors of b.
2, 313
Let u be 1 + (0 - -77) + -3. Suppose 10*v - 7*v - u = 0. Let t = 52 - v. What are the prime factors of t?
3
Suppose -4*h - 139 + 595 = 0. Suppose -5*f = -5*n + 255, -n = n - 5*f - h. List the prime factors of n.
47
Suppose 6*a - 4106 = -836. List the prime factors of a.
5, 109
Suppose t - 7 = -4. Suppose t*v + 5*u = -2*v - 5, u = -2*v. What are the prime factors of v + (7 + 2)*1?
2, 5
Let o be 6/4*48/18. Suppose -o = -r - 2. Suppose -56 = -r*d - 0*d. List the prime factors of d.
2, 7
Let n(a) = 2*a - 3. Let t be n(-2). Let p(b) = b**2 + 5*b - 6. List the prime factors of p(t).
2
Let l = -2794 - -6274. List the prime factors of l.
2, 3, 5, 29
List the prime factors of 30/(-20) + -5 + 11140/8.
2, 3, 7, 11
Let b(v) = v + 3*v + 18 + 50 - 2*v. List the prime factors of b(0).
2, 17
Let y be (12/3)/(-1*(-4)/(-268)). Let o = -34 - y. List the prime factors of o.
2, 3, 13
Let a = 11 + 35. Suppose 0 = 2*m - 4*c - a, -2 = 5*m - 5*c - 107. What are the prime factors of m?
19
Suppose -11*p - 3154 = -9*p. List the prime factors of 8/(-28) + p/(-7).
3, 5
Suppose 0 = 6*l - l. Suppose -5*a - 2*g + 12 = l, -6*a = -a - g - 9. Suppose 3*m - 37 = a*m. List the prime factors of m.
37
Suppose -3 = -3*i - 3*c + 3, 0 = 4*i - 5*c - 44. Suppose -i*j + 27 = -339. List the prime factors of j.
61
Let u(m) = 19*m**2 + 20*m - 1. What are the prime factors of u(8)?
5, 11
Let h(g) = 78*g**2 + g - 5. List the prime factors of h(2).
3, 103
Let r = -469 + 816. Let m = r - 136. List the prime factors of m.
211
Suppose k - 5 = 2*x + 5, -5*x = 3*k + 3. Suppose -5*o + 4*t = -40, k*o = 8*t - 3*t + 41. Suppose i - o = -i. What are the prime factors of i?
2
Let y(z) = 25*z**2 + 24*z. What are the prime factors of y(-5)?
5, 101
Let u be (-45)/(-18)*(-2 + (-22)/(-5)). What are the prime factors of ((-524)/(-8))/((5 + -2)/u)?
131
Let s(d) = d**2 - 13*d + 4. Let y be s(12). Suppose -2*i + 3*c = -11, -i = 3*c - 4*c - 3. What are the prime factors of ((-36)/y)/(i/(-8))?
2, 3
Let b(o) = -53*o - 4. Let s be b(3). Let z be s/(-7) + 8/(-28). Suppose 0 = -4*q + 21 + z. List the prime factors of q.
11
Suppose 0 = -2*z + z + 4. Let u(a) = a - 2. Let q(g) = 4*g - 7. Let 